
In base 6, what is -21 + -41?
-102
In base 13, what is -6b + -22?
-90
In base 15, what is -a - -988?
97d
In base 4, what is -1333 - 32?
-2031
In base 5, what is -10 - 1142?
-1202
In base 6, what is 11 + 15?
30
In base 10, what is -10 - -7?
-3
In base 6, what is -132 - -32?
-100
In base 3, what is 1021021 + -1?
1021020
In base 11, what is 32247 - 0?
32247
In base 3, what is -1 - -22121?
22120
In base 13, what is 48 - -1?
49
In base 14, what is -11 + -9b?
-ac
In base 15, what is 6 + 30?
36
In base 6, what is -2310 - 4?
-2314
In base 9, what is 37 - 11?
26
In base 6, what is 1 + -115?
-114
In base 11, what is 1353 + -4?
134a
In base 6, what is -15313 + -2?
-15315
In base 3, what is -212121 + 0?
-212121
In base 10, what is -1 + 245?
244
In base 5, what is -304 - -24?
-230
In base 16, what is 4 + 232?
236
In base 8, what is -575 + 6?
-567
In base 12, what is -176 + -9?
-183
In base 8, what is 53 - -21?
74
In base 4, what is 10 - -1212?
1222
In base 3, what is -1021001 + 10?
-1020221
In base 14, what is -95 + 1?
-94
In base 11, what is -5 - 83?
-88
In base 6, what is 112 + 2?
114
In base 3, what is 100 - 1100?
-1000
In base 5, what is 3 - 100?
-42
In base 2, what is 1000101110 - -1010?
1000111000
In base 9, what is 31 - -1?
32
In base 6, what is 1 + -35202?
-35201
In base 9, what is 5 + -57?
-52
In base 3, what is 101022 + -100?
100222
In base 9, what is -5264 - 1?
-5265
In base 5, what is -1212 - -1?
-1211
In base 15, what is -95 + -2?
-97
In base 5, what is 40 - 1032?
-442
In base 16, what is -bbb + 2?
-bb9
In base 4, what is 3020 + -22?
2332
In base 14, what is -1 + -5a0?
-5a1
In base 8, what is 0 + -520?
-520
In base 12, what is -21 + -391?
-3b2
In base 7, what is -24 - 10?
-34
In base 14, what is 4 - -b2?
b6
In base 15, what is 63 - -5c?
c0
In base 11, what is 0 - -46?
46
In base 11, what is -239 - -5?
-234
In base 11, what is 0 + 115?
115
In base 10, what is -82 - -32?
-50
In base 6, what is 1031 - -5?
1040
In base 4, what is -303 + -321?
-1230
In base 8, what is -5 - 23?
-30
In base 15, what is 5a5 - -5?
5aa
In base 12, what is -5 + -5?
-a
In base 15, what is 2 + 169?
16b
In base 4, what is 21 + -2330?
-2303
In base 13, what is -2ac + -4?
-2b3
In base 9, what is 17 + -20?
-2
In base 12, what is 29 - -2?
2b
In base 10, what is -198 + 33?
-165
In base 2, what is -110011100011 - -101?
-110011011110
In base 8, what is -265 - -16?
-247
In base 13, what is -28 + -4a?
-75
In base 14, what is 4 + 5c?
62
In base 7, what is 114 - 602?
-455
In base 11, what is -153 - 0?
-153
In base 3, what is -11 - -10?
-1
In base 7, what is -10 - -14?
4
In base 12, what is 2 - -653?
655
In base 8, what is 132 + -22?
110
In base 16, what is 10 + de?
ee
In base 4, what is -300000 + 2?
-233332
In base 2, what is 1010100 + -11100?
111000
In base 9, what is -4 - -243?
238
In base 15, what is 3 - -34?
37
In base 2, what is -1 + 100001?
100000
In base 3, what is 111022 - -11?
111110
In base 7, what is -206 + 450?
241
In base 5, what is -121 + 1?
-120
In base 13, what is 1 + -8?
-7
In base 10, what is 239 - 0?
239
In base 13, what is 2 + 357?
359
In base 7, what is -33 + -1?
-34
In base 13, what is 5 + -34?
-2c
In base 16, what is 0 + 5b6?
5b6
In base 4, what is 1 + -321?
-320
In base 2, what is 101 + -110011?
-101110
In base 2, what is -111100 + 101?
-110111
In base 16, what is 1 + 470?
471
In base 7, what is 3 - 3043?
-3040
In base 15, what is 3 - -596?
599
In base 9, what is -320 - -1?
-318
In base 9, what is 2 - -1042?
1044
In base 7, what is 4 - -15636?
15643
In base 2, what is 101011 - 10?
101001
In base 5, what is -113 + 2131?
2013
In base 12, what is 5 - -488?
491
In base 13, what is 0 - -1cc?
1cc
In base 9, what is 3734 + 0?
3734
In base 5, what is 103 + 42?
200
In base 3, what is -10202101 - 1?
-10202102
In base 8, what is 17 - 136?
-117
In base 2, what is -100001101100 - 11?
-100001101111
In base 7, what is 0 + 3?
3
In base 3, what is 200022 - -11?
200110
In base 3, what is 12111 - 21?
12020
In base 5, what is 132013 - -1?
132014
In base 14, what is -42 + -41?
-83
In base 16, what is -3 - -1baf?
1bac
In base 16, what is -1 + 23d?
23c
In base 5, what is 10 - 321?
-311
In base 6, what is 3244 + 2?
3250
In base 15, what is e + -d?
1
In base 12, what is 0 - -773?
773
In base 11, what is 28 - 4?
24
In base 16, what is -1c27 + 3?
-1c24
In base 12, what is 2a - 21?
9
In base 14, what is -4 - -1d5?
1d1
In base 3, what is 12111 - -2?
12120
In base 6, what is -10 + 0?
-10
In base 10, what is -10 + -856?
-866
In base 7, what is -143 + -1?
-144
In base 15, what is 1 - 54?
-53
In base 6, what is -11541 - 0?
-11541
In base 10, what is 52 - 0?
52
In base 11, what is -17 - -4?
-13
In base 2, what is -10000011 - 1?
-10000100
In base 12, what is 36 - 8?
2a
In base 11, what is -3 - -125?
122
In base 15, what is 5b - 12?
49
In base 16, what is 31 - -3?
34
In base 3, what is 1002021 + 12?
1002110
In base 8, what is -4 + -257?
-263
In base 16, what is 1 - -19d?
19e
In base 13, what is a - 0?
a
In base 5, what is -102 + -30?
-132
In base 9, what is -155 + -3?
-158
In base 12, what is a2 + 8?
aa
In base 16, what is -141 + 1a?
-127
In base 16, what is -7 - -7?
0
In base 16, what is 4e + 70?
be
In base 8, what is -5 - -47?
42
In base 11, what is -5 + 22a9?
22a4
In base 12, what is -18 - -5?
-13
In base 2, what is 11 + -101011011?
-101011000
In base 14, what is 1a + -163?
-147
In base 15, what is -12b + -5?
-131
In base 12, what is -2 + -60?
-62
In base 6, what is 0 + -35?
-35
In base 9, what is -147 + 5?
-142
In base 5, what is 1 + 33?
34
In base 4, what is -3 - -1200?
1131
In base 11, what is -4 - 76?
-7a
In base 3, what is 21 - -100002?
100100
In base 14, what is -2a + -16?
-42
In base 15, what is 95 + 23?
b8
In base 12, what is -2 - 3a2?
-3a4
In base 7, what is 1 + 51?
52
In base 7, what is 3 - 15035?
-15032
In base 10, what is 1 + 7?
8
In base 2, what is -1100 - -10000111001?
10000101101
In base 13, what is -2 + 30?
2b
In base 5, what is 41231 + 4?
41240
In base 12, what is -62 - -9?
-55
In base 11, what is -12 + a7?
95
In base 9, what is 126 + 5?
132
In base 10, what is -15 + 271?
256
In base 7, what is -506 - 3?
-512
In base 2, what is 11001101 + 10?
11001111
In base 2, what is -1101000101101 + -1?
-1101000101110
In base 6, what is 4 - 12?
-4
In base 8, what is -5 + -10030?
-10035
In base 13, what is -2c7 + 1?
-2c6
In base 6, what is -1 - -34?
33
In base 15, what is -a - 42?
-4c
In base 8, what is -12666 - 4?
-12672
In base 9, what is 0 + 155?
155
In base 7, what is -34 - 62?
-126
In base 4, what is 2 - 311?
-303
In base 13, what is 308 - -39?
344
In base 15, what is 10 - 52?
-42
In base 5, what is 2420 + 3?
2423
In base 7, what is 30 - 261?
-231
In base 4, what is -20003332 + 0?
-20003332
In base 12, what is 496 + -6?
490
In base 12, what is 14a0 + 8?
14a8
In base 5, what is 110243 + -10?
110233
In base 5, what is -1 + 14?
13
In base 10, what is 6 + -12?
-6
In base 15, what is -30 - -41?
11
In base 7, what is -15 + 116?
101
In base 12, what is -5 + -71?
-76
In base 13, what is -5 - -77?
72
In base 2, what is 10110100101000 + 100?
10110100101100
In base 2, what is -10100 + 1110001?
1011101
In base 12, what is -95 - -9?
-88
In base 3, what is 11 - 121?
-110
In base 6, what is 5 + -2441?
-2432
In base 10, what is 3 + -6401?
-6398
In base 14, what is -3 - 79?
-7c
In base 15, what is -8c9 - 0?
-8c9
In base 13, what is 7769 + 3?
776c
In base 7, what is 32 + 2?
34
In base 8, what is 22 - -3174?
3216
In base 15, what is -14 + -33?
-47
In base 5, what is -4 + -102022?
-102031
In base 6, what is -32 - -131?
55
In base 3, what is -121121 + 112?
-121002
In base 13, what is b - 343?
-335
In base 13, what is -5a6 - -4?
-5a2
In base 11, what is 2310 - 5?
2306
In base 5, what is -131213 + 1?
-131212
In base 10, what is -1001 - 5?
-1006
In base 13, what is -11 - 8?
-19
In base 12, what is -951 + 4?
-949
In base 8, what is -565 + 5?
-560
In base 10, what is -57 + 17?
-40
In base 8, what is -60 - -122?
42
In base 10, what is -10 + -62?
-72
In base 14, what is -72 - -3?
-6d
In base 16, what is d + 1?
e
In base 6, what is 12 - -21?
33
In base 9, what is 1 + -824?
-823
In base 7, what is -245 + -5?
-253
In base 2, what is -110110001000 - -100?
-110110000100
In base 15, what is -1a6 - -1b?
-18a
In ba